3049945.
5, 89, 211, 991
What are the prime factors of 8352675?
3, 5, 37123
List the prime factors of 27207613.
263, 103451
List the prime factors of 25914813.
3, 23, 47, 61, 131
List the prime factors of 1648711750.
2, 5, 7, 31, 30391
List the prime factors of 180854785.
5, 1993, 18149
List the prime factors of 91182044.
2, 22795511
List the prime factors of 25837883.
43, 600881
What are the prime factors of 2545178018?
2, 17, 74858177
What are the prime factors of 6663948?
2, 3, 557, 997
List the prime factors of 1415872749.
3, 7507, 62869
What are the prime factors of 5456566388?
2, 7, 13, 61, 245747
What are the prime factors of 2169204313?
23, 109, 865259
List the prime factors of 224340029.
9413, 23833
What are the prime factors of 2736436766?
2, 7, 13567, 14407
List the prime factors of 59326681.
59326681
What are the prime factors of 545166488?
2, 101, 674711
List the prime factors of 62213209.
223, 227, 1229
What are the prime factors of 47804030?
2, 5, 4780403
List the prime factors of 4989207232.
2, 1283, 60761
What are the prime factors of 31750617?
3, 1741, 6079
List the prime factors of 137929624.
2, 7, 2463029
List the prime factors of 147641754.
2, 3, 13, 1892843
What are the prime factors of 189257323?
189257323
List the prime factors of 1249667968.
2, 137, 71263
List the prime factors of 2359179874.
2, 23, 97, 113, 4679
List the prime factors of 130129459.
130129459
What are the prime factors of 6228834080?
2, 5, 7, 5561459
List the prime factors of 3253817000.
2, 5, 7, 17, 37, 739
What are the prime factors of 769629165?
3, 5, 53, 971, 997
List the prime factors of 798402056.
2, 211, 601, 787
What are the prime factors of 495044937?
3, 47, 199, 5881
What are the prime factors of 220550022?
2, 3, 7, 11, 227, 701
List the prime factors of 62146125.
3, 5, 37, 1493
List the prime factors of 2097731278.
2, 1048865639
What are the prime factors of 2554627336?
2, 173, 1845829
What are the prime factors of 218478943?
3457, 63199
List the prime factors of 2565765904.
2, 13, 199, 61987
List the prime factors of 36544589.
36544589
List the prime factors of 64339716.
2, 3, 7, 765949
What are the prime factors of 871312108?
2, 19, 1873, 6121
List the prime factors of 21341561.
3733, 5717
List the prime factors of 22520267.
7, 11, 292471
List the prime factors of 90398942.
2, 45199471
What are the prime factors of 301678217?
2281, 132257
List the prime factors of 4172711582.
2, 13, 1627, 98641
List the prime factors of 39227283.
3, 41, 106307
What are the prime factors of 114715202?
2, 7, 1399, 5857
List the prime factors of 328657439.
11, 421, 70969
What are the prime factors of 81615671?
199, 337, 1217
What are the prime factors of 46196975?
5, 11, 31, 5419
List the prime factors of 673932740.
2, 5, 13, 29, 89381
What are the prime factors of 71303755?
5, 179, 79669
List the prime factors of 4592265240.
2, 3, 5, 229, 167113
List the prime factors of 18175327.
487, 37321
What are the prime factors of 64661133?
3, 31, 695281
List the prime factors of 18668939.
23, 35291
What are the prime factors of 2869680871?
2869680871
What are the prime factors of 361528409?
11, 17, 19, 97, 1049
List the prime factors of 230845268.
2, 79, 449, 1627
What are the prime factors of 205163097?
3, 239, 277, 1033
List the prime factors of 1080755704.
2, 7, 1879, 10271
List the prime factors of 6718258866.
2, 3, 11, 17, 47, 127399
List the prime factors of 31211538.
2, 3, 5201923
What are the prime factors of 365278657?
10601, 34457
List the prime factors of 90833125.
5, 17, 83, 103
What are the prime factors of 52000767?
3, 7, 13, 63493
What are the prime factors of 72221749?
797, 90617
List the prime factors of 38886775.
5, 1555471
What are the prime factors of 75239172?
2, 3, 696659
List the prime factors of 1331089352.
2, 257, 647417
List the prime factors of 3505015075.
5, 140200603
What are the prime factors of 1831218161?
193, 9488177
What are the prime factors of 165838707?
3, 19, 51043
What are the prime factors of 8572923754?
2, 37, 83, 89, 15683
What are the prime factors of 160074723?
3, 149, 358109
What are the prime factors of 291220380?
2, 3, 5, 11, 4457
List the prime factors of 43017940.
2, 5, 7, 109, 2819
List the prime factors of 63914270.
2, 5, 7, 97, 9413
List the prime factors of 545792626.
2, 272896313
List the prime factors of 1276617912.
2, 3, 223, 238531
What are the prime factors of 187716770?
2, 5, 19, 987983
List the prime factors of 258572408.
2, 4259, 7589
List the prime factors of 316193510.
2, 5, 3907, 8093
What are the prime factors of 68465892?
2, 3, 11, 19, 27299
List the prime factors of 14456597.
3461, 4177
List the prime factors of 1714749428.
2, 7, 127, 482213
List the prime factors of 1173077079.
3, 5791, 67523
What are the prime factors of 125004262?
2, 1109, 56359
What are the prime factors of 7679317079?
7, 20879, 52543
What are the prime factors of 8384948?
2, 11, 13, 107, 137
List the prime factors of 893479819.
9137, 97787
List the prime factors of 2526273580.
2, 5, 126313679
List the prime factors of 36751594.
2, 11, 1670527
List the prime factors of 58819797.
3, 2178511
List the prime factors of 78617477.
78617477
What are the prime factors of 314746084?
2, 78686521
What are the prime factors of 1137459203?
193, 5893571
List the prime factors of 32629112.
2, 31, 41, 3209
What are the prime factors of 1625419923?
3, 19, 137, 208147
List the prime factors of 26202918.
2, 3, 7, 623879
List the prime factors of 732366902.
2, 17, 21540203
List the prime factors of 1165203971.
181, 853, 7547
What are the prime factors of 335165280?
2, 3, 5, 698261
List the prime factors of 3223710802.
2, 13, 1091, 113647
List the prime factors of 8086974094.
2, 163, 661, 37529
List the prime factors of 995840476.
2, 23, 10824353
What are the prime factors of 120741127?
13, 239, 38861
List the prime factors of 1087917830.
2, 5, 108791783
List the prime factors of 10440950.
2, 5, 13, 16063
List the prime factors of 95599.
7, 1951
What are the prime factors of 2599736895?
3, 5, 7, 1179019
List the prime factors of 86006429.
151, 569579
List the prime factors of 3000150299.
25117, 119447
List the prime factors of 250020269.
250020269
What are the prime factors of 116122718?
2, 19, 1277, 2393
List the prime factors of 2746295793.
3, 101714659
What are the prime factors of 19368443?
19368443
What are the prime factors of 92129312?
2, 11, 227, 1153
What are the prime factors of 208939553?
208939553
List the prime factors of 1273028628.
2, 3, 106085719
What are the prime factors of 571367865?
3, 5, 2971, 12821
List the prime factors of 50120293.
50120293
What are the prime factors of 241407993?
3, 277, 449, 647
What are the prime factors of 1397811593?
1397811593
List the prime factors of 186544680.
2, 3, 5, 7, 137, 1621
What are the prime factors of 40804443?
3, 4533827
List the prime factors of 551510724.
2, 3, 45959227
What are the prime factors of 83330768?
2, 5208173
List the prime factors of 396658764.
2, 3, 31, 41, 8669
List the prime factors of 520590839.
520590839
List the prime factors of 50829851.
50829851
What are the prime factors of 2316024025?
5, 7, 263, 50321
List the prime factors of 23028270.
2, 3, 5, 113, 6793
List the prime factors of 1555340226.
2, 3, 11, 53, 444637
What are the prime factors of 52349506?
2, 11, 1231, 1933
What are the prime factors of 2317703043?
3, 277, 353, 7901
What are the prime factors of 367611850?
2, 5, 197, 37321
What are the prime factors of 28640873?
101, 283573
What are the prime factors of 329916313?
103, 3203071
List the prime factors of 88065346.
2, 44032673
What are the prime factors of 79907308?
2, 13, 1536679
List the prime factors of 330001909.
17, 43, 451439
List the prime factors of 374957197.
374957197
List the prime factors of 4123415374.
2, 13, 47, 3374317
List the prime factors of 5195352523.
29, 113, 1585399
List the prime factors of 208197921.
3, 47, 1476581
What are the prime factors of 194933473?
7, 27847639
What are the prime factors of 13146780?
2, 3, 5, 17, 12889
What are the prime factors of 6793096793?
7, 17, 29, 79, 24917
List the prime factors of 202796328.
2, 3, 7, 1207121
What are the prime factors of 1171176913?
6047, 193679
What are the prime factors of 577117